s the remainder when 245 is divided by 25?
20
Calculate the remainder when 193 is divided by 30.
13
Calculate the remainder when 321 is divided by 110.
101
What is the remainder when 3116 is divided by 22?
14
What is the remainder when 970 is divided by 27?
25
Calculate the remainder when 3602 is divided by 82.
76
What is the remainder when 66 is divided by 25?
16
What is the remainder when 751 is divided by 29?
26
What is the remainder when 8881 is divided by 193?
3
Calculate the remainder when 488 is divided by 35.
33
Calculate the remainder when 3378 is divided by 10.
8
Calculate the remainder when 610 is divided by 25.
10
Calculate the remainder when 41 is divided by 38.
3
What is the remainder when 51 is divided by 10?
1
Calculate the remainder when 599 is divided by 30.
29
Calculate the remainder when 134 is divided by 65.
4
What is the remainder when 58 is divided by 9?
4
What is the remainder when 5516 is divided by 1838?
2
What is the remainder when 68 is divided by 8?
4
Calculate the remainder when 482 is divided by 108.
50
Calculate the remainder when 8122 is divided by 2707.
1
Calculate the remainder when 234 is divided by 217.
17
Calculate the remainder when 63 is divided by 14.
7
Calculate the remainder when 14421 is divided by 4804.
9
Calculate the remainder when 53 is divided by 20.
13
Calculate the remainder when 393 is divided by 33.
30
Calculate the remainder when 668 is divided by 33.
8
Calculate the remainder when 180 is divided by 16.
4
What is the remainder when 780 is divided by 8?
4
What is the remainder when 2609 is divided by 84?
5
Calculate the remainder when 84 is divided by 44.
40
Calculate the remainder when 18473 is divided by 124.
121
Calculate the remainder when 98 is divided by 12.
2
What is the remainder when 1767 is divided by 17?
16
Calculate the remainder when 813 is divided by 405.
3
Calculate the remainder when 459 is divided by 14.
11
What is the remainder when 542 is divided by 91?
87
Calculate the remainder when 8252 is divided by 50.
2
Calculate the remainder when 535 is divided by 90.
85
Calculate the remainder when 64 is divided by 25.
14
Calculate the remainder when 232 is divided by 37.
10
What is the remainder when 295 is divided by 99?
97
Calculate the remainder when 398 is divided by 4.
2
Calculate the remainder when 446 is divided by 220.
6
What is the remainder when 10844 is divided by 34?
32
Calculate the remainder when 362 is divided by 16.
10
What is the remainder when 77 is divided by 52?
25
Calculate the remainder when 429 is divided by 9.
6
What is the remainder when 76 is divided by 24?
4
What is the remainder when 96 is divided by 51?
45
What is the remainder when 2844 is divided by 39?
36
Calculate the remainder when 267 is divided by 66.
3
Calculate the remainder when 154 is divided by 70.
14
Calculate the remainder when 1215 is divided by 303.
3
What is the remainder when 20 is divided by 6?
2
What is the remainder when 187 is divided by 34?
17
Calculate the remainder when 24 is divided by 2.
0
Calculate the remainder when 2329 is divided by 146.
139
Calculate the remainder when 2303 is divided by 2.
1
Calculate the remainder when 150 is divided by 39.
33
Calculate the remainder when 91390 is divided by 168.
166
Calculate the remainder when 613 is divided by 191.
40
Calculate the remainder when 1293 is divided by 7.
5
Calculate the remainder when 12 is divided by 5.
2
What is the remainder when 338 is divided by 75?
38
What is the remainder when 643 is divided by 72?
67
Calculate the remainder when 1317 is divided by 89.
71
What is the remainder when 51 is divided by 18?
15
What is the remainder when 52 is divided by 11?
8
Calculate the remainder when 68 is divided by 2.
0
What is the remainder when 5232 is divided by 41?
25
What is the remainder when 240 is divided by 237?
3
What is the remainder when 1361 is divided by 21?
17
Calculate the remainder when 5198 is divided by 56.
46
Calculate the remainder when 5186 is divided by 10.
6
Calculate the remainder when 195 is divided by 14.
13
Calculate the remainder when 771 is divided by 71.
61
What is the remainder when 2068 is divided by 56?
52
What is the remainder when 138 is divided by 64?
10
What is the remainder when 2356 is divided by 131?
129
Calculate the remainder when 244 is divided by 52.
36
What is the remainder when 730 is divided by 16?
10
Calculate the remainder when 259 is divided by 51.
4
What is the remainder when 3135 is divided by 43?
39
What is the remainder when 4384 is divided by 86?
84
Calculate the remainder when 199 is divided by 5.
4
What is the remainder when 257 is divided by 140?
117
What is the remainder when 18 is divided by 3?
0
What is the remainder when 699 is divided by 117?
114
Calculate the remainder when 8799 is divided by 22.
21
Calculate the remainder when 394 is divided by 197.
0
What is the remainder when 61 is divided by 2?
1
Calculate the remainder when 284 is divided by 15.
14
What is the remainder when 49 is divided by 14?
7
Calculate the remainder when 13 is divided by 5.
3
What is the remainder when 16 is divided by 15?
1
Calculate the remainder when 80 is divided by 14.
10
Calculate the remainder when 831 is divided by 774.
57
What is the remainder when 7574 is divided by 25?
24
Calculate the remainder when 10916 is divided by 20.
16
What is the remainder when 202 is divided by 72?
58
What is the remainder when 1438 is divided by 36?
34
Calculate the remainder when 187 is divided by 5.
2
Calculate the remainder when 303 is divided by 68.
31
What is the remainder when 2319 is divided by 4?
3
Calculate the remainder when 15798 is divided by 25.
23
What is the remainder when 147 is divided by 59?
29
What is the remainder when 4913 is divided by 63?
62
What is the remainder when 229 is divided by 212?
17
Calculate the remainder when 1978 is divided by 99.
97
What is the remainder when 788 is divided by 131?
2
Calculate the remainder when 67 is divided by 28.
11
Calculate the remainder when 96 is divided by 33.
30
What is the remainder when 1313 is divided by 145?
8
What is the remainder when 335 is divided by 239?
96
What is the remainder when 1920 is divided by 55?
50
Calculate the remainder when 5173 is divided by 2581.
11
Calculate the remainder when 347 is divided by 28.
11
What is the remainder when 1858 is divided by 170?
158
What is the remainder when 5207 is divided by 1727?
26
Calculate the remainder when 304 is divided by 293.
11
Calculate the remainder when 54 is divided by 12.
6
Calculate the remainder when 262 is divided by 25.
12
Calculate the remainder when 372 is divided by 346.
26
What is the remainder when 145 is divided by 10?
5
What is the remainder when 766 is divided by 36?
10
Calculate the remainder when 11404 is divided by 113.
104
Calculate the remainder when 867 is divided by 58.
55
What is the remainder when 10450 is divided by 41?
36
Calculate the remainder when 1021 is divided by 43.
32
What is the remainder when 505 is divided by 83?
7
What is the remainder when 170 is divided by 61?
48
Calculate the remainder when 346 is divided by 26.
8
Calculate the remainder when 2116 is divided by 26.
10
What is the remainder when 1468 is divided by 13?
12
What is the remainder when 2167 is divided by 14?
11
What is the remainder when 530 is divided by 259?
12
Calculate the remainder when 132 is divided by 35.
27
Calculate the remainder when 163 is divided by 87.
76
Calculate the remainder when 276 is divided by 58.
44
What is the remainder when 1258 is divided by 45?
43
What is the remainder when 1571 is divided by 377?
63
Calculate the remainder when 442 is divided by 176.
90
What is the remainder when 4344 is divided by 71?
13
What is the remainder when 98 is divided by 55?
43
What is the remainder when 2779 is divided by 96?
91
Calculate the remainder when 363 is divided by 123.
117
Calculate the remainder when 559 is divided by 94.
89
What is the remainder when 87 is divided by 6?
3
Calculate the remainder when 2001 is divided by 26.
25
Calculate the remainder when 470 is divided by 112.
22
What is the remainder when 7143 is divided by 18?
15
Calculate the remainder when 3805 is divided by 211.
7
What is the remainder when 10990 is divided by 6?
4
Calculate t